{"id":30,"date":"2020-01-03T12:59:44","date_gmt":"2020-01-03T11:59:44","guid":{"rendered":"http:\/\/www.kanzlei-jakobi.de\/2020\/?page_id=30"},"modified":"2025-06-02T13:48:23","modified_gmt":"2025-06-02T11:48:23","slug":"medizin-arztstrafrecht","status":"publish","type":"page","link":"http:\/\/www.kanzlei-jakobi.de\/2020\/medizin-arztstrafrecht\/","title":{"rendered":"Medizinstrafrecht\/ Arztstrafrecht"},"content":{"rendered":"\n<p>Medizinstrafrecht\/Arztstrafrecht \u2013(M)eine besondere Verantwortung<\/p>\n\n\n\n<p>Ein \u00dcberblick <\/p>\n\n\n\n<p>Als Arzt\/\u00c4rztin stehen Sie t\u00e4glich im Spannungsfeld <strong>hoher Anforderungen<\/strong> an Sie als Mensch und als Berufsaus\u00fcbender; verschieden schwere Erkrankungen, Patienten mit sehr unterschiedlichen Bed\u00fcrfnissen und Anspr\u00fcchen, Zeitdruck, Hektik, eine kaum noch zu \u00fcberschauende B\u00fcrokratie und schnell zu treffende, manchmal weitreichende, Entscheidungen.<br> Wo Menschen arbeiten, passieren <strong>Fehler<\/strong>, davor ist auch der Mediziner und Heilmittelerbringer nicht gefeit. Anders, als in vielen anderen Bereichen jedoch haben Fehler in diesem Berufszweig h\u00e4ufig verheerende <strong>Auswirkungen <\/strong>\u2013 auf den Patienten, aber auch auf den Behandelnden!<\/p>\n\n\n\n<p>Das <strong>medizinstrafrechtliche<\/strong>\/arztstrafrechtliche Verfahren nimmt schneller und drastischer als in anderen strafrechtlichen Bereichen <strong>existentiell bedrohliche Formen<\/strong> an. Neben dem rein <strong>strafrechtlichen <\/strong>Vorwurf (z.B. K\u00f6rperverletzungs- und T\u00f6tungsdelikte oder im Abrechnungsbereich) mit seinen m\u00f6glichenFolgen, der oftmals eine tiefe eigene Verunsicherung ausl\u00f6st, kommen der <strong>rufsch\u00e4digende Aspekt<\/strong> und nicht zuletzt der drohende <strong>Widerruf der Approbation<\/strong> und somit Vernichtung der beruflichen Existenz hinzu.<\/p>\n\n\n\n<p>Nicht selten geht das Verfahren einher (und dies ist oft der Moment,  in dem Sie \u00fcberhaupt erst von den strafrechtlichen Ermittlungen erfahren!)  mit <strong>Durchsuchung <\/strong>der Praxisr\u00e4ume und Ihrem privaten Zuhause, im Zusammenspiel mit <strong>Beschlagnahme <\/strong>von Arzt- und Patientenunterlagen. Oft erfolgen diese <strong>Zugriffe <\/strong>(<strong>Vollstreckung der Durchsuchungsbeschl\u00fcsse<\/strong>) fr\u00fch am Morgen, wenn der Praxisalltag gerade startet oder noch gar nicht richtig angelaufen ist, und  konfrontiert so auch unmittelbar das <strong>Praxispersonal <\/strong>mit der Situation. Unmittelbar sind die Auswirkungen auf den <strong>Arbeitsalltag<\/strong>, so da\u00df an einem solchen Tag eine Praxis o.\u00e4. (nahezu) lahmgelegt werden kann.<\/p>\n\n\n\n<p><br>Daher ist es wichtig, <strong>sp\u00e4testens (!) bei \/ mit Bekanntgabe eines strafrechtlichen Vorwurfs<\/strong>, der mit Ihrer Berufsaus\u00fcbung zusammenh\u00e4ngt, unmittelbar <strong>Kontakt <\/strong>zu <strong>mir<\/strong>, einer auf dem Gebiet des <strong>Medizinstrafrechts<\/strong>\/Arztstrafrechts <strong>erfahrenen Fachanw\u00e4ltin f\u00fcr Strafrecht<\/strong>, aufzunehmen, denn in diesem besonders sensiblen Gebiet des Strafrechts kommt es auf eine <strong>m\u00f6glichst fr\u00fchzeitige<\/strong> richtige Weichenstellung an, die in <strong>professionelle H\u00e4nde<\/strong> geh\u00f6rt.<\/p>\n\n\n\n<p><img loading=\"lazy\" decoding=\"async\" width=\"150\" height=\"200\" class=\"wp-image-105\" style=\"width: 150px;\" src=\"http:\/\/www.kanzlei-jakobi.de\/2020\/wp-content\/uploads\/2025\/06\/JJ6-2025-scaled.jpg\" alt=\"\" srcset=\"http:\/\/www.kanzlei-jakobi.de\/2020\/wp-content\/uploads\/2025\/06\/JJ6-2025-scaled.jpg 1923w, http:\/\/www.kanzlei-jakobi.de\/2020\/wp-content\/uploads\/2025\/06\/JJ6-2025-225x300.jpg 225w, http:\/\/www.kanzlei-jakobi.de\/2020\/wp-content\/uploads\/2025\/06\/JJ6-2025-769x1024.jpg 769w, http:\/\/www.kanzlei-jakobi.de\/2020\/wp-content\/uploads\/2025\/06\/JJ6-2025-768x1022.jpg 768w, http:\/\/www.kanzlei-jakobi.de\/2020\/wp-content\/uploads\/2025\/06\/JJ6-2025-1154x1536.jpg 1154w, http:\/\/www.kanzlei-jakobi.de\/2020\/wp-content\/uploads\/2025\/06\/JJ6-2025-1538x2048.jpg 1538w, http:\/\/www.kanzlei-jakobi.de\/2020\/wp-content\/uploads\/2025\/06\/JJ6-2025-600x799.jpg 600w, http:\/\/www.kanzlei-jakobi.de\/2020\/wp-content\/uploads\/2025\/06\/JJ6-2025-945x1258.jpg 945w\" sizes=\"auto, (max-width: 150px) 100vw, 150px\" \/><br> Von mir wird bereits seit vielen Jahren erfolgreich eine <strong>konsequente Verteidigung im Medizinstrafrecht<\/strong> von der ersten Minute an und aus einem Gu\u00df f\u00fcr Sie \u00fcbernommen. Dabei kooperiere ich, wenn die Sachlage es erfordert, mit ebenfalls sehr erfahrenen Fachanw\u00e4lten f\u00fcr Medizinrecht, denn jedes Fachanwaltsgebiet hat, vergleichbar mit den unterschiedlichen Facharztrichtungen, ihre eigenen professionellen Kompetenzen. Ihre Interessen als mein\/e Mandant\/in stehen dabei jederzeit im Mittelpunkt, an denen sich alles Weitere und stets in Abstimmung mit Ihnen ausrichtet.<\/p>\n\n\n\n<p>Auch f\u00fcr die <strong>Beratung <\/strong>\u2013 ob in der Planungsphase oder bei bereits bestehenden Vertr\u00e4gen \u2013 stehe ich Ihnen im Hinblick auf <strong>strafrechtliche <\/strong>Relevanz kompetent zur Seite.\u00a0 Nicht zuletzt durch die inzwischen zwar nicht mehr so neu, aber doch noch eher zaghaft angewandten, Straftatbest\u00e4nde im Bereich der sog. \u201cKorruption im Heilwesen\u201d macht sich Verunsicherung breit; wer kann, wer darf noch mit wem wie kooperieren, welche Formen und Arten von <strong>Gemeinschaften<\/strong>, (Medizinischen Versorgungs-) Zentren (<strong>MVZ)<\/strong>, ausgelagerten Bereichen (wie z.B. im Bereich Zahntechnik) sind (noch) zul\u00e4ssig, wo beginnt eine m\u00f6gliche Strafbarkeit bei <strong>Kooperationsvertr\u00e4gen<\/strong>, was ist bei Fortbildungen noch oder nicht mehr zul\u00e4ssig \u2013 die Problemlagen und Fragestellungen sind so vielf\u00e4ltig wie Ihr beruflicher Alltag. <\/p>\n\n\n\n<p>Sehen Sie dazu auch die verschiedenen Angebote an, zu denen Sie \u00fcber die obige Navigation gelangen. <\/p>\n","protected":false},"excerpt":{"rendered":"<p>Medizinstrafrecht\/Arztstrafrecht \u2013(M)eine besondere Verantwortung Ein \u00dcberblick Als Arzt\/\u00c4rztin stehen Sie t\u00e4glich im Spannungsfeld hoher Anforderungen an Sie als Mensch und als Berufsaus\u00fcbender; verschieden schwere Erkrankungen, Patienten mit sehr unterschiedlichen Bed\u00fcrfnissen und Anspr\u00fcchen, Zeitdruck, Hektik, eine kaum noch zu \u00fcberschauende B\u00fcrokratie&#8230; <a class=\"more-link\" href=\"http:\/\/www.kanzlei-jakobi.de\/2020\/medizin-arztstrafrecht\/\">Weiterlesen &rarr;<\/a><\/p>\n","protected":false},"author":1,"featured_media":0,"parent":0,"menu_order":0,"comment_status":"closed","ping_status":"closed","template":"","meta":{"footnotes":""},"class_list":["post-30","page","type-page","status-publish","hentry"],"_links":{"self":[{"href":"http:\/\/www.kanzlei-jakobi.de\/2020\/wp-json\/wp\/v2\/pages\/30","targetHints":{"allow":["GET"]}}],"collection":[{"href":"http:\/\/www.kanzlei-jakobi.de\/2020\/wp-json\/wp\/v2\/pages"}],"about":[{"href":"http:\/\/www.kanzlei-jakobi.de\/2020\/wp-json\/wp\/v2\/types\/page"}],"author":[{"embeddable":true,"href":"http:\/\/www.kanzlei-jakobi.de\/2020\/wp-json\/wp\/v2\/users\/1"}],"replies":[{"embeddable":true,"href":"http:\/\/www.kanzlei-jakobi.de\/2020\/wp-json\/wp\/v2\/comments?post=30"}],"version-history":[{"count":3,"href":"http:\/\/www.kanzlei-jakobi.de\/2020\/wp-json\/wp\/v2\/pages\/30\/revisions"}],"predecessor-version":[{"id":114,"href":"http:\/\/www.kanzlei-jakobi.de\/2020\/wp-json\/wp\/v2\/pages\/30\/revisions\/114"}],"wp:attachment":[{"href":"http:\/\/www.kanzlei-jakobi.de\/2020\/wp-json\/wp\/v2\/media?parent=30"}],"curies":[{"name":"wp","href":"https:\/\/api.w.org\/{rel}","templated":true}]}}