{"id":32,"date":"2020-01-03T13:00:22","date_gmt":"2020-01-03T12:00:22","guid":{"rendered":"http:\/\/www.kanzlei-jakobi.de\/2020\/?page_id=32"},"modified":"2020-01-03T13:00:22","modified_gmt":"2020-01-03T12:00:22","slug":"familienrecht","status":"publish","type":"page","link":"http:\/\/www.kanzlei-jakobi.de\/2020\/familienrecht\/","title":{"rendered":"Familienrecht"},"content":{"rendered":"\n<p>Im famili\u00e4ren Umfeld kommt es regelm\u00e4\u00dfig zu Ereignissen, die von \nheute auf morgen das bisherige Leben auf den Kopf stellen und einem \ngleicherma\u00dfen den Boden unter den F\u00fc\u00dfen wegziehen.<br>\nBei Trennung und Scheidung zerbrechen nicht nur Lebensentw\u00fcrfe und die \ngemeinsame Zukunft, sondern es kommt auch sehr viel auf einen zu, was \u2013 \nteilweise in kurzer Zeit \u2013 vor\u00fcbergehend oder auch endg\u00fcltig neu oder \nanders geregelt, organisiert, gekl\u00e4rt, festgelegt werden muss. Das \nB\u00fcndel an offenen Fragen scheint nahezu endlos.<\/p>\n\n\n\n<p>Um Ihr Leben m\u00f6glichst bald wieder vom Kopf auf die F\u00fc\u00dfe zu stellen, \nist der Gang zum Anwalt fr\u00fchzeitig anzuraten. Manchmal ist es notwendig,\n sich zu streiten und Rechte und Anspr\u00fcche kompromisslos durchzusetzen \u2013\n manchmal nicht.<br>\nHierf\u00fcr muss man seine Rechte und Pflichten aber erst einmal kennen. Und\n wo es um Entscheidungen geht, die m\u00f6glicherweise Ihr gesamtes \nzuk\u00fcnftiges Leben betreffen und beeinflussen k\u00f6nnen, ist es nur selten \nsinnvoll, sich auf Informationen aus dem Internet zu verlassen, deren \nHerkunft und Qualit\u00e4t man in der Regel nicht (er)kennt.<\/p>\n\n\n\n<p>Sind gemeinsame Kinder vorhanden, ist die erste Notwendigkeit, deren \nWohl im Auge zu behalten; Sorgerecht, Aufenthalt, Umgang, Unterhalt \nm\u00fcssen geregelt werden.<br>\nAuch Trennungs- und nachehelicher Ehegattenunterhalt, die k\u00fcnftige \nVersorgung und Vorsorge\/Rente, gemeinsames Eigentum, Immobilien, Firmen,\n Versicherungen, Vertr\u00e4ge, Finanzielles sind zu bedenken und zu \nbeachten, Unterlagen zu besorgen, Beh\u00f6rden und \u00c4mter zu informieren.<\/p>\n\n\n\n<p>Damit diese und andere Fragen gekl\u00e4rt und eine Entscheidung getroffen\n werden kann, welchen Weg Sie auf welche Art gehen k\u00f6nnen und m\u00f6chten, \nwerden die im Familienrecht erfahrenen Anw\u00e4ltinnen in enger Abstimmung \nmit Ihnen die Sach- und Rechtslage aufkl\u00e4ren, die m\u00f6glichen Wege \naufzeigen und diese zielorientiert mit den notwendigen Mitteln \nbeschreiten.<br>\nGemeinsam und g\u00fctlich wenn m\u00f6glich, streitig und gerichtlich wenn n\u00f6tig.<\/p>\n\n\n\n<p>Es geht um Ihre Familie, Ihre Zukunft, Ihre Interessen, die es zu wahren gilt.<\/p>\n","protected":false},"excerpt":{"rendered":"<p>Im famili\u00e4ren Umfeld kommt es regelm\u00e4\u00dfig zu Ereignissen, die von heute auf morgen das bisherige Leben auf den Kopf stellen und einem gleicherma\u00dfen den Boden unter den F\u00fc\u00dfen wegziehen. Bei Trennung und Scheidung zerbrechen nicht nur Lebensentw\u00fcrfe und die gemeinsame&#8230; <a class=\"more-link\" href=\"http:\/\/www.kanzlei-jakobi.de\/2020\/familienrecht\/\">Weiterlesen &rarr;<\/a><\/p>\n","protected":false},"author":1,"featured_media":0,"parent":0,"menu_order":0,"comment_status":"closed","ping_status":"closed","template":"","meta":{"footnotes":""},"class_list":["post-32","page","type-page","status-publish","hentry"],"_links":{"self":[{"href":"http:\/\/www.kanzlei-jakobi.de\/2020\/wp-json\/wp\/v2\/pages\/32","targetHints":{"allow":["GET"]}}],"collection":[{"href":"http:\/\/www.kanzlei-jakobi.de\/2020\/wp-json\/wp\/v2\/pages"}],"about":[{"href":"http:\/\/www.kanzlei-jakobi.de\/2020\/wp-json\/wp\/v2\/types\/page"}],"author":[{"embeddable":true,"href":"http:\/\/www.kanzlei-jakobi.de\/2020\/wp-json\/wp\/v2\/users\/1"}],"replies":[{"embeddable":true,"href":"http:\/\/www.kanzlei-jakobi.de\/2020\/wp-json\/wp\/v2\/comments?post=32"}],"version-history":[{"count":1,"href":"http:\/\/www.kanzlei-jakobi.de\/2020\/wp-json\/wp\/v2\/pages\/32\/revisions"}],"predecessor-version":[{"id":33,"href":"http:\/\/www.kanzlei-jakobi.de\/2020\/wp-json\/wp\/v2\/pages\/32\/revisions\/33"}],"wp:attachment":[{"href":"http:\/\/www.kanzlei-jakobi.de\/2020\/wp-json\/wp\/v2\/media?parent=32"}],"curies":[{"name":"wp","href":"https:\/\/api.w.org\/{rel}","templated":true}]}}