{"id":34,"date":"2020-01-03T13:01:02","date_gmt":"2020-01-03T12:01:02","guid":{"rendered":"http:\/\/www.kanzlei-jakobi.de\/2020\/?page_id=34"},"modified":"2020-01-03T13:01:02","modified_gmt":"2020-01-03T12:01:02","slug":"mediation","status":"publish","type":"page","link":"http:\/\/www.kanzlei-jakobi.de\/2020\/mediation\/","title":{"rendered":"Mediation"},"content":{"rendered":"\n<p>Mal andere Wege gehen?<br>\nNicht mit dem Kopf durch die Wand, K\u00e4mpfen, seinen Willen durchsetzen um\n jeden Preis, und beim anderen wom\u00f6glich Verletzungen und Dem\u00fctigungen \nausl\u00f6sen, nur, um das Gef\u00fchl zu haben, es dem Anderen mal richtig \ngezeigt zu haben, ohne R\u00fccksicht auf Verluste Br\u00fccken abbrechen und \njeden Weg in die Zukunft versperren, um sich kurzfristig als \u201eSieger\u201c zu\n f\u00fchlen?<br>\nBesser ein Problem in W\u00fcrde und Selbstverantwortung in die Hand nehmen, \nsich am Ende mit einer gemeinsam erarbeiteten tragf\u00e4higen L\u00f6sung f\u00fcr die\n Zukunft entschieden haben und sowohl dem Anderen als auch sich selbst \nweiterhin in die Augen sehen zu k\u00f6nnen, Beziehungen auch nach dem \nKonflikt\/Problem ohne die H\u00fcrden weiterhin im Weg liegender Steine oder \nGroll und unterdr\u00fccktem \u00c4rger fortf\u00fchren zu k\u00f6nnen?<br>\nGeht nicht? Geht doch!<br>\nMediation ist ein Verfahren, in dem die Parteien&nbsp;gemeinsam<\/p>\n\n\n\n<ul class=\"wp-block-list\"><li>auf au\u00dfergerichtlichem Wege<\/li><li>freiwillig<\/li><li>und selbstverantwortlich<\/li><li>eine verbindliche und faire L\u00f6sung<\/li><li>f\u00fcr ihren Konflikt<\/li><li>erarbeiten.<\/li><\/ul>\n\n\n\n<p>Die seit vielen Jahren erfahrene Mediatorin ist hierbei zur \nNeutralit\u00e4t verpflichtet und unterst\u00fctzt Sie darin, gemeinsam eine \ntragf\u00e4hige Vereinbarung zu erarbeiten.<br>\nDabei hat die Mediatorin keine Entscheidungskompetenz, sondern \nvermittelt zwischen Ihnen und unterst\u00fctzt den Proze\u00df der Konflikt- oder \nProblembearbeitung und L\u00f6sungssuche. Die Mediatorin leitet und \nstrukturiert das Mediationsverfahren. Sie ist weder f\u00fcr den Ausgang des \nVerfahrens noch f\u00fcr die Gestaltung der Vereinbarung verantwortlich; \nsowohl der Konflikt als auch dessen L\u00f6sung bleiben stets in Ihrer Hand \nund Verantwortlichkeit.<\/p>\n\n\n\n<p>Mit der Mediation lassen sich Konflikte, Probleme oder Wege und \nRegelungen f\u00fcr die Zukunft (z.B. wenn eine Firmennachfolge zu regeln \nist, eine gemeinsame Firmen- oder Existenzgr\u00fcndung ansteht) nicht nur \nmeist nachhaltig und dauerhaft l\u00f6sen, sondern sind in der Regel zudem \ndeutlich zeit- und kostensparender als ein Gerichtsverfahren.<br>\nMediation bietet sich nicht zuletzt immer dort an, wo Sie in Zukunft mit\n der jeweils anderen Partei weiterhin verbunden sein wollen oder m\u00fcssen \u2013\n im Arbeitsverh\u00e4ltnis, mit dem Gesch\u00e4ftspartner, in der Familie etc..<\/p>\n","protected":false},"excerpt":{"rendered":"<p>Mal andere Wege gehen? Nicht mit dem Kopf durch die Wand, K\u00e4mpfen, seinen Willen durchsetzen um jeden Preis, und beim anderen wom\u00f6glich Verletzungen und Dem\u00fctigungen ausl\u00f6sen, nur, um das Gef\u00fchl zu haben, es dem Anderen mal richtig gezeigt zu haben,&#8230; <a class=\"more-link\" href=\"http:\/\/www.kanzlei-jakobi.de\/2020\/mediation\/\">Weiterlesen &rarr;<\/a><\/p>\n","protected":false},"author":1,"featured_media":0,"parent":0,"menu_order":0,"comment_status":"closed","ping_status":"closed","template":"","meta":{"footnotes":""},"class_list":["post-34","page","type-page","status-publish","hentry"],"_links":{"self":[{"href":"http:\/\/www.kanzlei-jakobi.de\/2020\/wp-json\/wp\/v2\/pages\/34","targetHints":{"allow":["GET"]}}],"collection":[{"href":"http:\/\/www.kanzlei-jakobi.de\/2020\/wp-json\/wp\/v2\/pages"}],"about":[{"href":"http:\/\/www.kanzlei-jakobi.de\/2020\/wp-json\/wp\/v2\/types\/page"}],"author":[{"embeddable":true,"href":"http:\/\/www.kanzlei-jakobi.de\/2020\/wp-json\/wp\/v2\/users\/1"}],"replies":[{"embeddable":true,"href":"http:\/\/www.kanzlei-jakobi.de\/2020\/wp-json\/wp\/v2\/comments?post=34"}],"version-history":[{"count":1,"href":"http:\/\/www.kanzlei-jakobi.de\/2020\/wp-json\/wp\/v2\/pages\/34\/revisions"}],"predecessor-version":[{"id":35,"href":"http:\/\/www.kanzlei-jakobi.de\/2020\/wp-json\/wp\/v2\/pages\/34\/revisions\/35"}],"wp:attachment":[{"href":"http:\/\/www.kanzlei-jakobi.de\/2020\/wp-json\/wp\/v2\/media?parent=34"}],"curies":[{"name":"wp","href":"https:\/\/api.w.org\/{rel}","templated":true}]}}