{"id":48,"date":"2020-01-03T13:14:28","date_gmt":"2020-01-03T12:14:28","guid":{"rendered":"http:\/\/www.kanzlei-jakobi.de\/2020\/?page_id=48"},"modified":"2025-06-02T14:31:08","modified_gmt":"2025-06-02T12:31:08","slug":"kontakt","status":"publish","type":"page","link":"http:\/\/www.kanzlei-jakobi.de\/2020\/kontakt\/","title":{"rendered":"Kontakt"},"content":{"rendered":"\n<p>Rechtsanw\u00e4ltin &amp; Fachanw\u00e4ltin f\u00fcr Strafrecht Jennifer Jakobi                                           <img loading=\"lazy\" decoding=\"async\" width=\"150\" height=\"200\" class=\"wp-image-129\" style=\"width: 150px;\" src=\"http:\/\/www.kanzlei-jakobi.de\/2020\/wp-content\/uploads\/2025\/06\/Me2-scaled.jpg\" alt=\"\" srcset=\"http:\/\/www.kanzlei-jakobi.de\/2020\/wp-content\/uploads\/2025\/06\/Me2-scaled.jpg 1916w, http:\/\/www.kanzlei-jakobi.de\/2020\/wp-content\/uploads\/2025\/06\/Me2-225x300.jpg 225w, http:\/\/www.kanzlei-jakobi.de\/2020\/wp-content\/uploads\/2025\/06\/Me2-766x1024.jpg 766w, http:\/\/www.kanzlei-jakobi.de\/2020\/wp-content\/uploads\/2025\/06\/Me2-768x1026.jpg 768w, http:\/\/www.kanzlei-jakobi.de\/2020\/wp-content\/uploads\/2025\/06\/Me2-1150x1536.jpg 1150w, http:\/\/www.kanzlei-jakobi.de\/2020\/wp-content\/uploads\/2025\/06\/Me2-1533x2048.jpg 1533w, http:\/\/www.kanzlei-jakobi.de\/2020\/wp-content\/uploads\/2025\/06\/Me2-600x802.jpg 600w, http:\/\/www.kanzlei-jakobi.de\/2020\/wp-content\/uploads\/2025\/06\/Me2-945x1263.jpg 945w\" sizes=\"auto, (max-width: 150px) 100vw, 150px\" \/><br> Otto-Lilienthal-Stra\u00dfe 16<br> 28199 Bremen<br> Tel.: 0421 \u2013 79 41 740<br> Fax: 0421 \u2013 79 41 747 <br><a href=\"http:\/\/www.kanzlei-jakobi-de\/2020\"> www.kanzlei-jakobi-de<\/a><br> Email: <a href=\"mailto:recht@kanzlei-jakobi.de\">recht(at)kanzlei-jakobi.de<\/a><\/p>\n\n\n\n<p>F\u00fcr <strong>medizinstrafrechtliche\/arztstrafrechtliche<\/strong> Kontakte zus\u00e4tzlich: <a href=\"medstr@kanzlei-jakobi.de\">medstr(at)kanzlei-jakobi.de<\/a><\/p>\n\n\n\n<p>Im Fall von Durchsuchung u.\u00e4. Notf\u00e4llen: 0157- 509 501 68<\/p>\n\n\n\n<p><strong> Termine:<\/strong><br> Telefonisch oder per Email, Erreichbarkeit am besten Montag, Mittwoch und Donnerstag<br><a href=\"mailto: sekretariat@kanzlei-jakobi.de\"> <\/a><\/p>\n","protected":false},"excerpt":{"rendered":"<p>Rechtsanw\u00e4ltin &amp; Fachanw\u00e4ltin f\u00fcr Strafrecht Jennifer Jakobi Otto-Lilienthal-Stra\u00dfe 16 28199 Bremen Tel.: 0421 \u2013 79 41 740 Fax: 0421 \u2013 79 41 747 www.kanzlei-jakobi-de Email: recht(at)kanzlei-jakobi.de F\u00fcr medizinstrafrechtliche\/arztstrafrechtliche Kontakte zus\u00e4tzlich: medstr(at)kanzlei-jakobi.de Im Fall von Durchsuchung u.\u00e4. Notf\u00e4llen: 0157- 509 501&#8230; <a class=\"more-link\" href=\"http:\/\/www.kanzlei-jakobi.de\/2020\/kontakt\/\">Weiterlesen &rarr;<\/a><\/p>\n","protected":false},"author":1,"featured_media":0,"parent":0,"menu_order":0,"comment_status":"closed","ping_status":"closed","template":"","meta":{"footnotes":""},"class_list":["post-48","page","type-page","status-publish","hentry"],"_links":{"self":[{"href":"http:\/\/www.kanzlei-jakobi.de\/2020\/wp-json\/wp\/v2\/pages\/48","targetHints":{"allow":["GET"]}}],"collection":[{"href":"http:\/\/www.kanzlei-jakobi.de\/2020\/wp-json\/wp\/v2\/pages"}],"about":[{"href":"http:\/\/www.kanzlei-jakobi.de\/2020\/wp-json\/wp\/v2\/types\/page"}],"author":[{"embeddable":true,"href":"http:\/\/www.kanzlei-jakobi.de\/2020\/wp-json\/wp\/v2\/users\/1"}],"replies":[{"embeddable":true,"href":"http:\/\/www.kanzlei-jakobi.de\/2020\/wp-json\/wp\/v2\/comments?post=48"}],"version-history":[{"count":8,"href":"http:\/\/www.kanzlei-jakobi.de\/2020\/wp-json\/wp\/v2\/pages\/48\/revisions"}],"predecessor-version":[{"id":132,"href":"http:\/\/www.kanzlei-jakobi.de\/2020\/wp-json\/wp\/v2\/pages\/48\/revisions\/132"}],"wp:attachment":[{"href":"http:\/\/www.kanzlei-jakobi.de\/2020\/wp-json\/wp\/v2\/media?parent=48"}],"curies":[{"name":"wp","href":"https:\/\/api.w.org\/{rel}","templated":true}]}}