{"id":59,"date":"2020-01-03T13:34:04","date_gmt":"2020-01-03T12:34:04","guid":{"rendered":"http:\/\/www.kanzlei-jakobi.de\/2020\/?page_id=59"},"modified":"2025-06-02T14:40:00","modified_gmt":"2025-06-02T12:40:00","slug":"herzlich-willkommen","status":"publish","type":"page","link":"http:\/\/www.kanzlei-jakobi.de\/2020\/","title":{"rendered":"Herzlich Willkommen!"},"content":{"rendered":"\n<p>Herzlich Willkommen auf der Website der <strong>Fachanwaltskanzlei Jennifer Jakobi<\/strong> <\/p>\n\n\n\n<p>Schwerpunkt im <strong>Medizinstrafrecht<\/strong>.<br><br>\u00dcber die Navigation (oben) finden Sie alle wichtigen Informationen.<\/p>\n\n\n\n<div class=\"wp-block-cover alignleft\"><img loading=\"lazy\" decoding=\"async\" width=\"766\" height=\"1024\" class=\"wp-block-cover__image-background wp-image-104\" alt=\"\" src=\"http:\/\/www.kanzlei-jakobi.de\/2020\/wp-content\/uploads\/2025\/06\/JJ-766x1024.jpg\" data-object-fit=\"cover\" srcset=\"http:\/\/www.kanzlei-jakobi.de\/2020\/wp-content\/uploads\/2025\/06\/JJ-766x1024.jpg 766w, http:\/\/www.kanzlei-jakobi.de\/2020\/wp-content\/uploads\/2025\/06\/JJ-225x300.jpg 225w, http:\/\/www.kanzlei-jakobi.de\/2020\/wp-content\/uploads\/2025\/06\/JJ-768x1026.jpg 768w, http:\/\/www.kanzlei-jakobi.de\/2020\/wp-content\/uploads\/2025\/06\/JJ-1150x1536.jpg 1150w, http:\/\/www.kanzlei-jakobi.de\/2020\/wp-content\/uploads\/2025\/06\/JJ-1533x2048.jpg 1533w, http:\/\/www.kanzlei-jakobi.de\/2020\/wp-content\/uploads\/2025\/06\/JJ-600x802.jpg 600w, http:\/\/www.kanzlei-jakobi.de\/2020\/wp-content\/uploads\/2025\/06\/JJ-945x1263.jpg 945w, http:\/\/www.kanzlei-jakobi.de\/2020\/wp-content\/uploads\/2025\/06\/JJ-scaled.jpg 1916w\" sizes=\"auto, (max-width: 766px) 100vw, 766px\" \/><span aria-hidden=\"true\" class=\"wp-block-cover__background has-background-dim\"><\/span><div class=\"wp-block-cover__inner-container is-layout-flow wp-block-cover-is-layout-flow\">\n<p><\/p>\n\n\n\n<p><\/p>\n\n\n\n<p><\/p>\n\n\n\n<p><\/p>\n\n\n\n<p class=\"has-text-align-center has-large-font-size\"><\/p>\n\n\n\n<p><\/p>\n<\/div><\/div>\n\n\n\n<p><img loading=\"lazy\" decoding=\"async\" width=\"150\" height=\"200\" class=\"wp-image-104\" style=\"width: 150px;\" src=\"http:\/\/www.kanzlei-jakobi.de\/2020\/wp-content\/uploads\/2025\/06\/JJ-scaled.jpg\" alt=\"\" srcset=\"http:\/\/www.kanzlei-jakobi.de\/2020\/wp-content\/uploads\/2025\/06\/JJ-scaled.jpg 1916w, http:\/\/www.kanzlei-jakobi.de\/2020\/wp-content\/uploads\/2025\/06\/JJ-225x300.jpg 225w, http:\/\/www.kanzlei-jakobi.de\/2020\/wp-content\/uploads\/2025\/06\/JJ-766x1024.jpg 766w, http:\/\/www.kanzlei-jakobi.de\/2020\/wp-content\/uploads\/2025\/06\/JJ-768x1026.jpg 768w, http:\/\/www.kanzlei-jakobi.de\/2020\/wp-content\/uploads\/2025\/06\/JJ-1150x1536.jpg 1150w, http:\/\/www.kanzlei-jakobi.de\/2020\/wp-content\/uploads\/2025\/06\/JJ-1533x2048.jpg 1533w, http:\/\/www.kanzlei-jakobi.de\/2020\/wp-content\/uploads\/2025\/06\/JJ-600x802.jpg 600w, http:\/\/www.kanzlei-jakobi.de\/2020\/wp-content\/uploads\/2025\/06\/JJ-945x1263.jpg 945w\" sizes=\"auto, (max-width: 150px) 100vw, 150px\" \/>Rechtsanw\u00e4ltin<\/p>\n\n\n\n<p>&amp;<\/p>\n\n\n\n<p>Fachanw\u00e4ltin f\u00fcr Strafrecht<\/p>\n\n\n\n<p><\/p>\n\n\n\n<p>Jennifer Jakobi<\/p>\n\n\n\n<p><\/p>\n\n\n","protected":false},"excerpt":{"rendered":"<p>Herzlich Willkommen auf der Website der Fachanwaltskanzlei Jennifer Jakobi Schwerpunkt im Medizinstrafrecht. \u00dcber die Navigation (oben) finden Sie alle wichtigen Informationen. Rechtsanw\u00e4ltin &amp; Fachanw\u00e4ltin f\u00fcr Strafrecht Jennifer Jakobi<\/p>\n","protected":false},"author":1,"featured_media":0,"parent":0,"menu_order":0,"comment_status":"closed","ping_status":"closed","template":"","meta":{"footnotes":""},"class_list":["post-59","page","type-page","status-publish","hentry"],"_links":{"self":[{"href":"http:\/\/www.kanzlei-jakobi.de\/2020\/wp-json\/wp\/v2\/pages\/59","targetHints":{"allow":["GET"]}}],"collection":[{"href":"http:\/\/www.kanzlei-jakobi.de\/2020\/wp-json\/wp\/v2\/pages"}],"about":[{"href":"http:\/\/www.kanzlei-jakobi.de\/2020\/wp-json\/wp\/v2\/types\/page"}],"author":[{"embeddable":true,"href":"http:\/\/www.kanzlei-jakobi.de\/2020\/wp-json\/wp\/v2\/users\/1"}],"replies":[{"embeddable":true,"href":"http:\/\/www.kanzlei-jakobi.de\/2020\/wp-json\/wp\/v2\/comments?post=59"}],"version-history":[{"count":11,"href":"http:\/\/www.kanzlei-jakobi.de\/2020\/wp-json\/wp\/v2\/pages\/59\/revisions"}],"predecessor-version":[{"id":138,"href":"http:\/\/www.kanzlei-jakobi.de\/2020\/wp-json\/wp\/v2\/pages\/59\/revisions\/138"}],"wp:attachment":[{"href":"http:\/\/www.kanzlei-jakobi.de\/2020\/wp-json\/wp\/v2\/media?parent=59"}],"curies":[{"name":"wp","href":"https:\/\/api.w.org\/{rel}","templated":true}]}}